{"id":9,"date":"2024-03-29T09:40:58","date_gmt":"2024-03-29T05:40:58","guid":{"rendered":"https:\/\/cctpl.fr\/?page_id=9"},"modified":"2025-05-27T14:09:59","modified_gmt":"2025-05-27T10:09:59","slug":"centre-de-controle-technique-des-poids-lourds","status":"publish","type":"page","link":"https:\/\/cctpl.fr\/","title":{"rendered":""},"content":{"rendered":"\n<h2 class=\"wp-block-heading\">Nos prestations<\/h2>\n\n\n\n<p>Le centre vous propose deux types de contr\u00f4le :<br>&#8211; Le volontaire*<br>&#8211; Le r\u00e9glementaire<\/p>\n\n\n\n<p style=\"font-size:0.7rem\">*Le volontaire ne se substitue pas au contr\u00f4le r\u00e9glementaire.<\/p>\n\n\n\n<hr class=\"wp-block-separator has-alpha-channel-opacity\" style=\"margin-top:var(--wp--preset--spacing--50);margin-bottom:var(--wp--preset--spacing--50)\"\/>\n\n\n\n<h2 class=\"wp-block-heading\">Nos horaires<\/h2>\n\n\n\n<p>Du lundi au vendredi de 7h00 \u00e0 12h00 et de 13h00 \u00e0 16h00<br>Le samedi de 7h00 \u00e0 11h00<\/p>\n\n\n<div style=\"text-align: center;\" width=\"30%\">\n<iframe src=\"https:\/\/www.google.com\/maps\/embed?pb=!1m18!1m12!1m3!1d3727.545651311036!2d55.4983781!3d-20.8903558!2m3!1f0!2f0!3f0!3m2!1i1024!2i768!4f13.1!3m3!1m2!1s0x217881cbe0f9e2c5%3A0x6e3cae823e84c8ca!2sC.C.T.P.L(Centre%20de%20Contr%C3%B4le%20Technique%20des%20Poids%20Lourds)!5e0!3m2!1sfr!2sfr!4v1711697157370!5m2!1sfr!2sfr\" width=\"100%\" height=\"450\" style=\"border:0;\" allowfullscreen=\"\" loading=\"lazy\" referrerpolicy=\"no-referrer-when-downgrade\"><\/iframe>\n<\/div>\n\n\n<hr class=\"wp-block-separator has-alpha-channel-opacity\" style=\"margin-top:var(--wp--preset--spacing--50);margin-bottom:var(--wp--preset--spacing--50)\"\/>\n\n\n\n<h2 class=\"wp-block-heading\">Le centre<\/h2>\n\n\n\n<p>Cr\u00e9\u00e9e en 2005, la soci\u00e9t\u00e9 CCTPL est un centre de contr\u00f4le technique de v\u00e9hicules de plus de 3,5T, de camions, de cars et bus et de v\u00e9hicules de transport de mati\u00e8res dangereuses. Elle dispose d&rsquo;une accr\u00e9ditation COFRAC norme NF en ISO\/CEI 17020 et dispose de mat\u00e9riel de contr\u00f4le \u00e0 la pointe de la technologie. Bas\u00e9 \u00e0 SAINT DENIS derri\u00e8re la NORDEV sur un terrain de 4\u00a0500m\u00b2, CCTPL fait partie des 4 uniques centres de contr\u00f4les techniques de poids lourds de La R\u00e9union (Nord, Ouest, Sud et Est)<\/p>\n","protected":false},"excerpt":{"rendered":"<p>Nos prestations Le centre vous propose deux types de contr\u00f4le :&#8211; Le volontaire*&#8211; Le r\u00e9glementaire *Le volontaire ne se substitue pas au contr\u00f4le r\u00e9glementaire. Nos horaires Du lundi au vendredi de 7h00 \u00e0 12h00 et de 13h00 \u00e0 16h00Le samedi de 7h00 \u00e0 11h00 Le centre Cr\u00e9\u00e9e en 2005, la soci\u00e9t\u00e9 CCTPL est un centre [&hellip;]<\/p>\n","protected":false},"author":1,"featured_media":0,"parent":0,"menu_order":0,"comment_status":"closed","ping_status":"closed","template":"","meta":{"footnotes":"[]"},"class_list":["post-9","page","type-page","status-publish","hentry"],"_links":{"self":[{"href":"https:\/\/cctpl.fr\/index.php\/wp-json\/wp\/v2\/pages\/9","targetHints":{"allow":["GET"]}}],"collection":[{"href":"https:\/\/cctpl.fr\/index.php\/wp-json\/wp\/v2\/pages"}],"about":[{"href":"https:\/\/cctpl.fr\/index.php\/wp-json\/wp\/v2\/types\/page"}],"author":[{"embeddable":true,"href":"https:\/\/cctpl.fr\/index.php\/wp-json\/wp\/v2\/users\/1"}],"replies":[{"embeddable":true,"href":"https:\/\/cctpl.fr\/index.php\/wp-json\/wp\/v2\/comments?post=9"}],"version-history":[{"count":10,"href":"https:\/\/cctpl.fr\/index.php\/wp-json\/wp\/v2\/pages\/9\/revisions"}],"predecessor-version":[{"id":56,"href":"https:\/\/cctpl.fr\/index.php\/wp-json\/wp\/v2\/pages\/9\/revisions\/56"}],"wp:attachment":[{"href":"https:\/\/cctpl.fr\/index.php\/wp-json\/wp\/v2\/media?parent=9"}],"curies":[{"name":"wp","href":"https:\/\/api.w.org\/{rel}","templated":true}]}}